{"id":54,"date":"2024-03-25T14:05:23","date_gmt":"2024-03-25T13:05:23","guid":{"rendered":"https:\/\/burros-trekking.com\/nuevaweb\/?page_id=54"},"modified":"2024-03-25T14:05:23","modified_gmt":"2024-03-25T13:05:23","slug":"rutas-euskadi","status":"publish","type":"page","link":"https:\/\/burros-trekking.com\/nuevaweb\/rutas-euskadi\/","title":{"rendered":"Rutas Euskadi"},"content":{"rendered":"\n<div class=\"wp-block-cover\" style=\"min-height:196px;aspect-ratio:unset;\"><span aria-hidden=\"true\" class=\"wp-block-cover__background has-background-dim\"><\/span><img loading=\"lazy\" decoding=\"async\" width=\"2560\" height=\"1920\" class=\"wp-block-cover__image-background wp-image-55\" alt=\"\" src=\"https:\/\/burros-trekking.com\/nuevaweb\/wp-content\/uploads\/2023\/11\/DSC04825-scaled.jpg\" data-object-fit=\"cover\" srcset=\"https:\/\/burros-trekking.com\/nuevaweb\/wp-content\/uploads\/2023\/11\/DSC04825-scaled.jpg 2560w, https:\/\/burros-trekking.com\/nuevaweb\/wp-content\/uploads\/2023\/11\/DSC04825-300x225.jpg 300w, https:\/\/burros-trekking.com\/nuevaweb\/wp-content\/uploads\/2023\/11\/DSC04825-1024x768.jpg 1024w, https:\/\/burros-trekking.com\/nuevaweb\/wp-content\/uploads\/2023\/11\/DSC04825-768x576.jpg 768w, https:\/\/burros-trekking.com\/nuevaweb\/wp-content\/uploads\/2023\/11\/DSC04825-1536x1152.jpg 1536w, https:\/\/burros-trekking.com\/nuevaweb\/wp-content\/uploads\/2023\/11\/DSC04825-2048x1536.jpg 2048w\" sizes=\"auto, (max-width: 2560px) 100vw, 2560px\" \/><div class=\"wp-block-cover__inner-container is-layout-constrained wp-block-cover-is-layout-constrained\">\n<p class=\"has-text-align-center has-large-font-size\"><strong>RECORRIDO SAROIZAR-URB\u00cdA-ARANTZAZU<\/strong><\/p>\n\n\n\n<p><\/p>\n<\/div><\/div>\n\n\n\n<p>Salimos de Saroizar por el camino direcci\u00f3n NE hasta cruzar el r\u00edo en donde tomaremos el camino de nuestra izquierda que sube por el barranco de Atxazola.<\/p>\n\n\n\n<p><br>Iremos ascendiendo entre robles y hayas hasta que un zigzag del camino nos introduce en el pinar que hemos tenido todo el tiempo a nuestra derecha. Tras una fuerte subida saldremos a una zona menos arbolada y de pastizal donde el camino entronca con otro que viene del Parque E\u00f3lico. Continuamos por este camino direcci\u00f3n NE no tendremos m\u00e1s que seguir las marcas rojas y blancas que indican el GR 121. La pendiente se va suavizando y tras 30\u00b4 de marcha llegaremos a la zona de Oburu donde seguiremos las marcas del GR con indicaci\u00f3n a las campas de Urb\u00eda.<\/p>\n\n\n\n<p><br>Continuamos por este camino direcci\u00f3n NE no tendremos m\u00e1s que seguir las marcas rojas y blancas que indican el GR 121. La pendiente se va suavizando y tras 30\u00b4 de marcha llegaremos a la zona de Oburu donde seguiremos las marcas del GR con indicaci\u00f3n a las campas de Urb\u00eda.<\/p>\n\n\n\n<p>El camino poco a poco se ir\u00e1 convirtiendo en senda y tras dejar a nuestra izquierda una roca en forma de aguja, Petrinaitzs, entraremos en los pastizales de las campas de Urb\u00eda. A nuestro frente tendremos el macizo de Aizkorri.<\/p>\n\n\n\n<p>Nos hallamos ante los pastizales de las campas de Urb\u00eda , tomamos la pista a la<br>izquierda y pasaremos frente a la txabolas de Arbelar. Seguiremos unos 200 m.y a<br>nuestra izquierda unos hitos de piedra clavados en el suelo nos llevar\u00e1n hasta la Fonda<br>de Urb\u00eda. En esta tenemos servicio de bar, restaurante y habitaciones, tambi\u00e9n se puede<br>acampar (vivac, montando la tienda al anochecer y levant\u00e1ndola al amanecer).<\/p>\n\n\n\n<p><img loading=\"lazy\" decoding=\"async\" width=\"275\" height=\"183\" src=\"http:\/\/burros-trekking.com\/images\/ermita.jpg\"><\/p>\n\n\n\n<p>Dejamos atr\u00e1s el edificio de la Fonda tomando direcci\u00f3n NW. Iremos perdiendo altura poco a poco hasta salir definitivamente de las campas de Urb\u00eda por un collado viendo de frente y a nuestra derecha la Sierra de Alo\u00f1a iremos perdiendo altura pasando por el pinar de Maia hasta desviarnos a nuetra izquierda para entrar en las txabolas de Duru, aqu\u00ed el camino se convierte en senda e ir\u00e1n altern\u00e1ndose las marcas rojas y blancas del GR con las amarillas del PR. En 20\u00b4 entraremos en el barriode Arantzazu donde encontraremos todo tipo de servicios:&nbsp;<a href=\"http:\/\/www.hotelsantuariodearantzazu.com\/\" target=\"_blank\" rel=\"noreferrer noopener\">www.hotelsantuariodearantzazu.com<\/a>\/ ,&nbsp;<a href=\"http:\/\/www.oinati.eu\/es\/turismo\/patrimonio-artistico\/arantzazu\" target=\"_blank\" rel=\"noreferrer noopener\">www.oinati.eu\/es\/turismo\/patrimonio-artistico\/arantzazu<\/a><\/p>\n\n\n\n<p><img loading=\"lazy\" decoding=\"async\" width=\"275\" height=\"183\" src=\"http:\/\/burros-trekking.com\/images\/aranzazu.jpg\"><\/p>\n\n\n\n<p>Salimos de Arantzazu por los aparcamientos en direcci\u00f3n O\u00f1ati, tenemos que descender a la \u00faltima explanada y coger una pista asfaltada dejando a nuestra derecha un caser\u00edo volviendo a girar a la izquierda hasta el r\u00edo Urkulu. Habremos bajado m\u00e1s 200 m. y avanzaremos por una pista de hormig\u00f3n direcci\u00f3n a los caserios de Bellotza siguiendo las marcas blancas y amarillas del PR hasta una borda en le borde del hayedo.<\/p>\n\n\n\n<p>En este punto la senda empieza subir por el hayedo con direcci\u00f3n claramente S. Iremos ganando altura hasta llegar a una zona de txabolas Artaso. Desde estas y siempre en direcci\u00f3n S. seguiremos subiendo hacia los molinos del Parque E\u00f3lico que ya hemos ido viendo, hasta llegar al collado de Artaso o Gainlabur.<\/p>\n\n\n\n<p><img loading=\"lazy\" decoding=\"async\" width=\"256\" height=\"192\" src=\"http:\/\/burros-trekking.com\/images\/saroizar_oto.jpg\"><\/p>\n\n\n\n<p>Tomamos el camino que baja en direcci\u00f3n S. en 15\u00b4 y en una curva a derecha muy pronunciada frente a una gran roca veremos un hito de piedras, abandonamos el camino y tomamos una senda a la derecha que nos har\u00e1 descender hasta que cruzamos un r\u00edo Egiluz aqu\u00ed el sendero se convierte en camino y en 20\u00b4 llegaremos a Saroizar.<\/p>\n\n\n\n<div style=\"height:100px\" aria-hidden=\"true\" class=\"wp-block-spacer\"><\/div>\n\n\n\n<div class=\"wp-block-cover\" style=\"min-height:193px;aspect-ratio:unset;\"><span aria-hidden=\"true\" class=\"wp-block-cover__background has-background-dim\"><\/span><img loading=\"lazy\" decoding=\"async\" width=\"394\" height=\"296\" class=\"wp-block-cover__image-background wp-image-109\" alt=\"\" src=\"https:\/\/burros-trekking.com\/nuevaweb\/wp-content\/uploads\/2023\/12\/ruta2_A.jpg\" data-object-fit=\"cover\" srcset=\"https:\/\/burros-trekking.com\/nuevaweb\/wp-content\/uploads\/2023\/12\/ruta2_A.jpg 394w, https:\/\/burros-trekking.com\/nuevaweb\/wp-content\/uploads\/2023\/12\/ruta2_A-300x225.jpg 300w\" sizes=\"auto, (max-width: 394px) 100vw, 394px\" \/><div class=\"wp-block-cover__inner-container is-layout-constrained wp-block-cover-is-layout-constrained\">\n<p class=\"has-text-align-center has-large-font-size\"><strong>RECORRIDO GR 282 SENDA DEL PASTOREO<\/strong><\/p>\n<\/div><\/div>\n\n\n\n<p>El Camino Natural Senda del Pastoreo GR-282, en su recorrido de 485 Km de longitud estructurado en 19 Etapas, pone en valor la riqueza y diversidad paisaj\u00edstica de las diferentes regiones que atraviesa, sus culturas y tradiciones, generando un conector ecorrecreativo y cultural entre espacios singulares de \u00c1lava, Gipuzkoa, Bizkaia, Burgos y Navarra.<\/p>\n\n\n\n<p>La Asner\u00eda Saroizar se halla ubicada a escasos 2 Km.del inicio y final de este GR recientemente se\u00f1alizado. Proponemos la realizaci\u00f3n integra del mismo o bien la elecci\u00f3n de las etapas que el caminante considere oportunas.<\/p>\n\n\n\n<p>Un ejemplo de recorrido de 7 d\u00edas ser\u00eda la realizaci\u00f3n de las etapas desde la n\u00ba 13 a la n\u00ba 19. Esta zona del GR permite conocer lugares tan singulares como los Montes de Iturrieta, Parque Natural de Sierra de Urbasa-And\u00eda, Sierra de Aralar, Sierra de Altzania, Parque Natural de Aitzkorri-Aratz.<\/p>\n\n\n\n<p><img loading=\"lazy\" decoding=\"async\" width=\"235\" height=\"176\" src=\"http:\/\/burros-trekking.com\/images\/ruta2_B.jpg\"><\/p>\n\n\n\n<p><br>El GR discurre por zonas donde el pastoreo tradicional se viene realizando desde el Neol\u00edtico abundando en todo el trayecto los restos megal\u00edticos (menhires, t\u00famulos, cromlechs, dolmenes, etc) y alternando masas de bosques de robles y hallas centenarios como pastizales de altura.<\/p>\n\n\n\n<p>Desde el inicio de la primavera hasta la llegada del invierno son numerosos los reba\u00f1os de ovejas \u201clatxas\u201d que pacen en los pastizales de altura, aloj\u00e1ndose los pastores en sus tradicionales \u201ctxabolas\u201d en las que realizan y venden sus afamados quesos de denominaci\u00f3n Idiazabal.<br><br>Este Camino Natural Senda del Pastoreo GR 282 se halla conveniente se\u00f1alizado existiendo una extensa informaci\u00f3n del mismo en los siguientes enlaces:<br><a href=\"http:\/\/www.alava.net\/cs\/Satellite?c=Page&amp;cid=1223998993996&amp;pagename=DiputacionAlava%2FPage%2FDPA_B_Listado\" target=\"_blank\" rel=\"noreferrer noopener\">Diputaci\u00f3n Foral de \u00c1lava<br><\/a><a href=\"http:\/\/www.magrama.gob.es\/es\/desarrollo-rural\/temas\/caminos-naturales\/caminos-naturales\/sector-noreste\/senda-pastoreo\/default.aspx\" target=\"_blank\" rel=\"noreferrer noopener\">Ministerio de Agricultura, Alimentaci\u00f3n y Medio Ambiente<\/a><\/p>\n\n\n\n<p><\/p>\n\n\n\n<p><\/p>\n\n\n\n<div style=\"height:22px\" aria-hidden=\"true\" class=\"wp-block-spacer\"><\/div>\n\n\n\n<div class=\"wp-block-cover\" style=\"min-height:164px;aspect-ratio:unset;\"><span aria-hidden=\"true\" class=\"wp-block-cover__background has-background-dim\"><\/span><img loading=\"lazy\" decoding=\"async\" width=\"2560\" height=\"1920\" class=\"wp-block-cover__image-background wp-image-45\" alt=\"\" src=\"https:\/\/burros-trekking.com\/nuevaweb\/wp-content\/uploads\/2023\/11\/DSC04872-scaled.jpg\" data-object-fit=\"cover\" srcset=\"https:\/\/burros-trekking.com\/nuevaweb\/wp-content\/uploads\/2023\/11\/DSC04872-scaled.jpg 2560w, https:\/\/burros-trekking.com\/nuevaweb\/wp-content\/uploads\/2023\/11\/DSC04872-300x225.jpg 300w, https:\/\/burros-trekking.com\/nuevaweb\/wp-content\/uploads\/2023\/11\/DSC04872-1024x768.jpg 1024w, https:\/\/burros-trekking.com\/nuevaweb\/wp-content\/uploads\/2023\/11\/DSC04872-768x576.jpg 768w, https:\/\/burros-trekking.com\/nuevaweb\/wp-content\/uploads\/2023\/11\/DSC04872-1536x1152.jpg 1536w, https:\/\/burros-trekking.com\/nuevaweb\/wp-content\/uploads\/2023\/11\/DSC04872-2048x1536.jpg 2048w\" sizes=\"auto, (max-width: 2560px) 100vw, 2560px\" \/><div class=\"wp-block-cover__inner-container is-layout-constrained wp-block-cover-is-layout-constrained\">\n<p class=\"has-text-align-center has-large-font-size\"><strong>RECORRIDOS POR EL ENTORNO DE SAROIZAR<\/strong><\/p>\n<\/div><\/div>\n\n\n\n<figure class=\"wp-block-table\"><table><tbody><tr><td colspan=\"4\">En el entorno de la Asner\u00eda Saroizar hay una gran variedad de caminos en los que poder realizar excursiones a la medida que el excursionista desee; los hay con grandes desniveles y otros sin apenas desnivel, que discurren por bosques de hayas o por robledales, existen numerosos ejemplares centenarios as\u00ed como prados donde pace el ganado<br>.<img loading=\"lazy\" decoding=\"async\" width=\"221\" height=\"165\" src=\"http:\/\/burros-trekking.com\/images\/ruta3_1.jpg\"><br>Estos caminos anta\u00f1o sirvieron para comunicar poblaciones y caser\u00edos, algunos de ellos conservan en muy buen estado sus antiguas calzadas y antiguos puentes.No todos los caminos se hallan debidamente balizados, as\u00ed que a los excursionistas que lo deseen se les facilitar\u00e1 un plano topogr\u00e1fico detallado y el archivo digital para poder identificar el camino en dispositivos GPS.Son excursiones de\u00a0<strong>menos de un d\u00eda<\/strong>\u00a0y muy apropiadas para iniciar a ni\u00f1os peque\u00f1os en el manejo y conocimiento tanto del entorno natural como de los animales. Estas excusiones cabe la posibilidad de realizarlas saliendo y llegando a la Asner\u00eda o bien haci\u00e9ndolo desde un punto convenido previamente.<br>Estas excusiones cabe la posibilidad de realizarlas saliendo y llegando a la Asner\u00eda o bien haci\u00e9ndolo desde un punto convenido previamente.<\/td><\/tr><tr><td colspan=\"5\"><br>\u00a9 saroizar2014 &#8211; Contacto: 609 228 095 &#8211;&nbsp;<a href=\"mailto:info@burros-trekking.com\">info@burros-trekking.com<\/a><\/td><\/tr><\/tbody><\/table><\/figure>\n\n\n\n<div style=\"height:100px\" aria-hidden=\"true\" class=\"wp-block-spacer\"><\/div>\n","protected":false},"excerpt":{"rendered":"<p>Salimos de Saroizar por el camino direcci\u00f3n NE hasta cruzar el r\u00edo en donde tomaremos el camino de nuestra izquierda que sube por el barranco de Atxazola. Iremos ascendiendo entre robles y hayas hasta que un zigzag del camino nos introduce en el pinar que hemos tenido todo el tiempo a nuestra derecha. Tras una [&hellip;]<\/p>\n","protected":false},"author":1,"featured_media":0,"parent":0,"menu_order":0,"comment_status":"closed","ping_status":"closed","template":"","meta":{"footnotes":""},"class_list":["post-54","page","type-page","status-publish","hentry"],"_links":{"self":[{"href":"https:\/\/burros-trekking.com\/nuevaweb\/wp-json\/wp\/v2\/pages\/54","targetHints":{"allow":["GET"]}}],"collection":[{"href":"https:\/\/burros-trekking.com\/nuevaweb\/wp-json\/wp\/v2\/pages"}],"about":[{"href":"https:\/\/burros-trekking.com\/nuevaweb\/wp-json\/wp\/v2\/types\/page"}],"author":[{"embeddable":true,"href":"https:\/\/burros-trekking.com\/nuevaweb\/wp-json\/wp\/v2\/users\/1"}],"replies":[{"embeddable":true,"href":"https:\/\/burros-trekking.com\/nuevaweb\/wp-json\/wp\/v2\/comments?post=54"}],"version-history":[{"count":3,"href":"https:\/\/burros-trekking.com\/nuevaweb\/wp-json\/wp\/v2\/pages\/54\/revisions"}],"predecessor-version":[{"id":114,"href":"https:\/\/burros-trekking.com\/nuevaweb\/wp-json\/wp\/v2\/pages\/54\/revisions\/114"}],"wp:attachment":[{"href":"https:\/\/burros-trekking.com\/nuevaweb\/wp-json\/wp\/v2\/media?parent=54"}],"curies":[{"name":"wp","href":"https:\/\/api.w.org\/{rel}","templated":true}]}}